 t be s/5 + (-16)/(-40). Suppose -t = -g + 29. Is g prime?
True
Let q(w) = -2*w**3 + 7*w - 8. Let c be (66/(-8) - -1) + 12/48. Is q(c) a prime number?
False
Let s(l) = -3293*l + 200. Is s(-7) composite?
False
Suppose 5*m - 2876 = 3*a, 0 = -m - 0*m - 4*a + 589. Let z = m + -354. Is z composite?
False
Suppose -8*f + 9*f = 4*o + 4663, 0 = -2*o. Is f a composite number?
False
Let c(h) = 2*h. Let y be c(3). Suppose -y = -2*f - 0. Suppose f*a + 370 = 8*a. Is a prime?
False
Suppose 4*p + 2*n = 8, -4*n + 6 + 10 = -3*p. Suppose p*j - 4*j - 5*a = -1631, -j + 2*a + 411 = 0. Is j composite?
False
Let v(h) = -34*h + 25. Let n be v(13). Suppose -5*u = m + 189, 6*u = 4*m + 3*u + 779. Let w = m - n. Is w a composite number?
False
Suppose 7 = 5*a - p, 14 = 4*a + 2*p - 0. Suppose 0 = q + 3*i - 66, -111 = -a*q - 5*i + 22. Is q composite?
True
Suppose 2*x - 3579 = -k + 643, 2*x - 5*k - 4234 = 0. Let t = -1411 + x. Is t composite?
False
Let t be (-8)/(-3) - (-2)/(-3). Suppose f - t*f = -587. Is f prime?
True
Let h be -1*2 + 17 + 1. Let u = -13 + h. Suppose 4*k + u = q - 6, -k + 129 = 5*q. Is q composite?
True
Let p(a) = -a**2 + 33*a + 11. Let i = 7 + -7. Suppose -2*x - 2*j + 32 = 0, 2*j + 52 = 2*x - i*j. Is p(x) a composite number?
False
Suppose 0 = -4*q + 3*u - 20, -4*u + 8 = -2*u. Is (-3 - q)/((-10)/2390) a composite number?
False
Let u(k) be the first derivative of -k**4/4 - 2*k**3 - 7*k**2/2 - 7*k - 5. Is u(-7) a prime number?
False
Let y(r) = 22*r**2 - 23*r**2 - 1 + 4*r**3 - r + 147*r**3. Is y(2) prime?
True
Is ((-90)/36)/(5/(-4)) + 15911 a composite number?
False
Let y(n) = -114*n - 214*n - 27*n. Suppose -4*c - 24 = -5*c - 5*v, -5*c + 4*v = 25. Is y(c) composite?
True
Let s = 80 - -77. Is s a composite number?
False
Suppose 11*f = 6933 + 15584. Is f a composite number?
True
Let i be (-1 - 0)/((-4)/(-24)). Let a be ((-3)/(-1))/(i/(-284)). Suppose -a = o - 2*o. Is o prime?
False
Let a(y) = -94*y - 3. Is a(-2) composite?
True
Suppose 8*d + 2555 = 112963. Is d a composite number?
True
Suppose 0 = 2*p - 5*y - 19154, -8*y + 4 = -7*y. Is p composite?
False
Let b(c) = c**2 - 9*c - 11. Let i be 10/(-15) + 26/3. Suppose 0 = -11*u + i*u - 30. Is b(u) prime?
True
Suppose d - 60 = -55. Suppose 0*y + d*y + 2*t = 2095, 3*y - 4*t = 1257. Is y a composite number?
False
Let s(f) = -2*f**2 + 2*f + 13. Let o be s(0). Suppose -2*c + 2*h + 4 = -0*c, 2 = -h. Suppose c*p + o = p - q, -5*p = -4*q - 66. Is p prime?
False
Suppose -3*b - 2*c = -6*c - 3271, 0 = 3*b + 2*c - 3301. Suppose -b - 235 = -6*g. Suppose -4*o + g = -2*o. Is o a prime number?
False
Let n = 3078 - 4793. Let c(l) = l**2 - 5*l - 6. Let d be c(5). Is d/(-9) + n/(-15) a prime number?
False
Let f = -5840 - -11869. Is f a prime number?
True
Suppose 14*q = 4*t + 9*q + 1546, 770 = -2*t + 4*q. Let l = 1132 + t. Is l prime?
True
Let n = 5107 - -1137. Suppose 4*w - n = 6*m - 2*m, 0 = -5*w - 4*m + 7805. Is w prime?
False
Suppose 0 = -w - 2*w + 18. Suppose 4*j + 76 = w*j. Suppose l + j = 2*l. Is l a prime number?
False
Let q(g) = 11*g**3 - 4*g + 8. Is q(3) composite?
False
Let v(s) = 38*s**2 - 18*s - 5. Let l be v(-13). Suppose 11*c = 2*c + l. Is c composite?
False
Suppose 16*k - 61130 = 142358. Is k composite?
True
Let g(m) = -16*m**2 + 18*m + 28. Let x be g(15). Is x/8*((-168)/6)/7 a prime number?
False
Let a(v) = 90*v + 28. Let s(y) = 60*y + 19. Let g(l) = 2*l + 11. Let b be g(-8). Let q(u) = b*a(u) + 7*s(u). Is q(-9) a composite number?
False
Let g(s) = -3829*s**3 - s**2 - 9*s - 15. Is g(-2) prime?
True
Suppose -s - 3*j + 1 = -0*j, -6 = 4*s + 2*j. Let u(k) be the first derivative of -8*k**2 + k - 24. Is u(s) a prime number?
False
Is (-11678)/(-4)*(-7 + 4 - -5) prime?
True
Suppose -4*t + 9*t - 2*p = 50, 3*p + 31 = 2*t. Suppose -764 = -12*c + t*c. Is c a composite number?
False
Suppose -i - 6 = 4*x, i + x - 4 = 5. Let z(h) = -18*h**2 - 1 + 0 + 11*h**2 + i*h**2 - 4*h. Is z(-3) prime?
False
Is 14/((-84)/1) - (-21523)/6 prime?
False
Suppose 5*x - 2208 = -4*p, -4*x - p = -1932 + 159. Let b = x - 71. Is b prime?
True
Let f(o) = 32*o - 67. Suppose 0 = 3*v - 9, -4*v + 9 = -3*x + 39. Is f(x) a prime number?
False
Suppose -8*k + 143464 = 2048. Is k a prime number?
False
Let m = 124 + -116. Is (28/m)/(5/3310) composite?
True
Suppose w = -28*u + 29*u + 85228, 0 = 2*u - 2. Is w a composite number?
False
Let x(i) = i + 4. Let m be x(-1). Suppose -2*l - 2*n + 107 = -223, -499 = -m*l - 5*n. Is l composite?
False
Is ((-4)/(-6)*-30111)/(0 - 2) a prime number?
True
Let g(n) = -16*n + 6. Let w be g(9). Let u = w + 1049. Is u prime?
True
Let g = 9 + 6. Suppose -3*a = 3*b - g, -b - b + 7 = a. Suppose -2*q + 137 = -2*i + a*i, i = -4*q + 279. Is q composite?
False
Suppose 67*o - 58*o - 86823 = 0. Is o composite?
True
Let n be (-4 + 6)/((-3)/(-6)). Let i(d) = -d + 157. Let h be i(0). Suppose n*v - 155 = -5*o + 162, 3*o - h = -2*v. Is v prime?
True
Let h = -23 + 26. Is ((-5295)/20)/(h/(-20)) a prime number?
False
Suppose -5*y + 4*y + 2252 = h, h = -5*y + 11280. Is y a composite number?
True
Suppose 11*t - 12*t = -1262. Suppose 2*c + 4 = 0, -3*u + u = -2*c - t. Is u prime?
False
Is (-6)/30 + 3/(30/30112) a composite number?
False
Suppose -y + 13144 = -3039. Is y prime?
True
Suppose -2*f + 19*f = -18479. Let h = -584 - f. Is h a prime number?
True
Let x(m) = 2*m**2 + 4*m + 3. Let p be x(-2). Suppose -p*f + 100 = -179. Suppose 66 = d + 2*d - s, 0 = -4*d + 3*s + f. Is d a composite number?
True
Let r(a) = -a**2 + 5*a + 2. Let h be r(14). Let s = h - -29. Is (s/(-15))/(1/15) a composite number?
True
Is (-72212)/(-2) - 15*(-1)/3 a composite number?
True
Let v be 98/35 + 1/5. Suppose v*n = -u + 20, -3*n + 15 = -u - 1. Let z(t) = t**3 + t**2 + 7. Is z(n) a prime number?
False
Suppose 62*h - 26*h - 83844 = 0. Is h prime?
False
Let k = 30990 + -15487. Is k a prime number?
False
Is (44/(-66))/(2/(-229683)) a composite number?
False
Let o(f) = f + 1. Let x be o(1). Suppose -3*m + 8 = x. Suppose g = m*g - 35. Is g a prime number?
False
Is (-28917)/(-42) - 1/(-2) composite?
True
Suppose -3*m - 5*u = -460, -368 = -3*m + 5*u + 72. Let r = 292 - m. Suppose r = k - 151. Is k prime?
True
Let r = -3263 + 6522. Is r a prime number?
True
Suppose 5*p - 5*i - 5 = 20, -5*i - 21 = -p. Let x be 26/(-8) - 2/(-8). Is p/x - (-3048)/18 composite?
True
Let a = 33468 - 17285. Is a composite?
False
Let q(j) = -j - 11. Let v = -21 - -14. Let h be q(v). Let a = 17 + h. Is a prime?
True
Let w be 50/(-3) + 3/(-9). Let a(f) be the first derivative of -9*f**2 - 15*f + 4. Is a(w) prime?
False
Let k = 5421 - -2000. Is k composite?
True
Let f(b) = 17*b**2 + 16*b - 27. Let x be f(19). Suppose -9*y + x = -3*y. Is y composite?
False
Let q(y) = 881*y**2 - y - 1. Suppose -24*j + 26*j = 2. Is q(j) prime?
False
Let j = -27 + 7. Let n = j + 28. Is 4/n + 386/4 a composite number?
False
Let o be 653/(-2) + (-2)/(-4). Let w = o - -488. Suppose r - w = -19. Is r prime?
False
Is 76/(-38) - 13007/2*-6 a composite number?
False
Suppose 7*d - 84 + 0 = 0. Let x(p) = p**3 - 6*p**2 - 3*p + 23. Is x(d) composite?
True
Suppose 0 = -4*a, 2*d - 31671 = -4*a - 1765. Is d composite?
True
Let b(s) = 2*s**3 + 2*s**2 - 5*s + 2161. Is b(0) composite?
False
Let z(t) be the second derivative of -37*t**3/6 + 6*t**2 + 40*t. Is z(-13) a composite number?
True
Let g = -296 + 883. Is g a composite number?
False
Is ((-5221)/(-92))/((-1)/(-8)) a prime number?
False
Is -5 + 908 - (-5 + 1) prime?
True
Let w(v) = 41*v - 24. Let y be w(10). Let u = -39 + -162. Let s = y + u. Is s prime?
False
Suppose -3*v = -9*v + 6. Suppose 7 = 3*x - 5. Is (v + 0)*(162 - x) a prime number?
False
Is (-2)/(-4) + (-7)/((-56)/18948) prime?
False
Let b(n) be the third derivative of n**5/30 - n**4/3 - 13*n**3/6 + 11*n**2. Is b(9) a prime number?
False
Let a = 22 + -19. Suppose 6735 = a*f - 0*f. Suppose 4*w + w - f = 0. Is w a composite number?
False
Suppose 0 = -5*l + 3*d - 8*d + 30, 2*l = 4*d + 18. Let m(f) = 4*f**3 + 14*f - 1 + 0*f**3 + 7*f**2 - 5*f**3. Is m(l) a composite number?
False
Let s = -1167 - -5620. Is s a prime number?
False
Let r = 17 - 17. Suppose -3*f + f + 2*q = -692, -f + 338 = -5*q. Suppose r = -3*l + f + 315. Is l composite?
True
Let i(m) = m**3 + m**2 + m + 1. Let q(a) = -7*a**3 - 11*a**2 - 11. Let n(h) = 6*i(h) + q(h). Is n(-7) 